{"id":64,"date":"2023-08-21T19:50:28","date_gmt":"2023-08-21T17:50:28","guid":{"rendered":"http:\/\/www.kmu-aalen.de\/kmu\/?page_id=64"},"modified":"2026-01-15T15:26:03","modified_gmt":"2026-01-15T14:26:03","slug":"mittelstandsmanagement","status":"publish","type":"page","link":"http:\/\/www.kmu-aalen.de\/kmu\/mittelstandsmanagement\/","title":{"rendered":"Mittelstandsmanagement"},"content":{"rendered":"\t\t<div data-elementor-type=\"wp-page\" data-elementor-id=\"64\" class=\"elementor elementor-64\">\n\t\t\t\t\t\t<header class=\"elementor-section elementor-top-section elementor-element elementor-element-26949ed9 elementor-section-height-min-height elementor-section-boxed elementor-section-height-default elementor-section-items-middle\" data-id=\"26949ed9\" data-element_type=\"section\" data-settings=\"{&quot;background_background&quot;:&quot;gradient&quot;}\">\n\t\t\t\t\t\t\t<div class=\"elementor-background-overlay\"><\/div>\n\t\t\t\t\t\t\t<div class=\"elementor-container elementor-column-gap-default\">\n\t\t\t\t\t<div class=\"elementor-column elementor-col-100 elementor-top-column elementor-element elementor-element-5f799538\" data-id=\"5f799538\" data-element_type=\"column\">\n\t\t\t<div class=\"elementor-widget-wrap elementor-element-populated\">\n\t\t\t\t\t\t<div class=\"elementor-element elementor-element-18beb695 elementor-widget elementor-widget-heading\" data-id=\"18beb695\" data-element_type=\"widget\" data-widget_type=\"heading.default\">\n\t\t\t\t<div class=\"elementor-widget-container\">\n\t\t\t\t\t<h1 class=\"elementor-heading-title elementor-size-default\">Mittelstandsmanagement (Master of Arts)<\/h1>\t\t\t\t<\/div>\n\t\t\t\t<\/div>\n\t\t\t\t\t<\/div>\n\t\t<\/div>\n\t\t\t\t\t<\/div>\n\t\t<\/header>\n\t\t<div class=\"elementor-element elementor-element-03de6e1 e-flex e-con-boxed e-con e-parent\" data-id=\"03de6e1\" data-element_type=\"container\">\n\t\t\t\t\t<div class=\"e-con-inner\">\n\t\t\t\t<div class=\"elementor-element elementor-element-97e5c09 elementor-widget elementor-widget-text-editor\" data-id=\"97e5c09\" data-element_type=\"widget\" data-widget_type=\"text-editor.default\">\n\t\t\t\t<div class=\"elementor-widget-container\">\n\t\t\t\t\t\t\t\t\t<p>Unser konsekutives Masterprogramm Master of Arts in \u201eMittelstandsmanagement\u201c bietet \u00fcberdurchschnittlich qualifizierten Absolventen wirtschaftswissenschaftlicher Bachelorstudieng\u00e4nge eine fachliche Spezialisierung im Rahmen mehrerer Studieng\u00e4nge wie Mittelstandsmanagement, Wirtschaftsinformatik und International Marketing and Sales.<\/p><p>Der Studiengang \u201eMittelstandsmanagement\u201c qualifiziert die AbsolventInnen f\u00fcr Management- und F\u00fchrungsaufgaben in mittelst\u00e4ndischen Unternehmen sowie f\u00fcr die erfolgreiche Verwirklichung eigener Gesch\u00e4ftsideen. Besonderes Gewicht wird dabei auf das Innovationsmanagement und eine nachhaltige Erfolgssicherung gelegt.<\/p><p>Wir vermitteln Ihnen auf hohem Niveau modernste, praxisorientierte Managementmethoden und Querschnittskompetenzen, die Sie im Zuge vielf\u00e4ltiger regionaler und internationaler Kooperationen, Fallstudien und Praxisprojekte ausbauen k\u00f6nnen. Dabei zeichnet sich der Studienplan durch gro\u00dfe Wahlfreiheiten f\u00fcr die Studierenden aus.<\/p>\t\t\t\t\t\t\t\t<\/div>\n\t\t\t\t<\/div>\n\t\t\t\t\t<\/div>\n\t\t\t\t<\/div>\n\t\t<div class=\"elementor-element elementor-element-0142506 e-flex e-con-boxed e-con e-parent\" data-id=\"0142506\" data-element_type=\"container\">\n\t\t\t\t\t<div class=\"e-con-inner\">\n\t\t\t\t<div class=\"elementor-element elementor-element-a1cf90b elementor-widget-divider--view-line elementor-widget elementor-widget-divider\" data-id=\"a1cf90b\" data-element_type=\"widget\" data-widget_type=\"divider.default\">\n\t\t\t\t<div class=\"elementor-widget-container\">\n\t\t\t\t\t\t\t<div class=\"elementor-divider\">\n\t\t\t<span class=\"elementor-divider-separator\">\n\t\t\t\t\t\t<\/span>\n\t\t<\/div>\n\t\t\t\t\t\t<\/div>\n\t\t\t\t<\/div>\n\t\t\t\t\t<\/div>\n\t\t\t\t<\/div>\n\t\t<div class=\"elementor-element elementor-element-bba1f83 e-flex e-con-boxed e-con e-parent\" data-id=\"bba1f83\" data-element_type=\"container\">\n\t\t\t\t\t<div class=\"e-con-inner\">\n\t\t\t\t<div class=\"elementor-element elementor-element-b2acf6e elementor-widget elementor-widget-heading\" data-id=\"b2acf6e\" data-element_type=\"widget\" data-widget_type=\"heading.default\">\n\t\t\t\t<div class=\"elementor-widget-container\">\n\t\t\t\t\t<h2 class=\"elementor-heading-title elementor-size-default\">Studienbeginn in dieses Studienprogramm nur zum Wintersemester jeden Jahres m\u00f6glich<\/h2>\t\t\t\t<\/div>\n\t\t\t\t<\/div>\n\t\t\t\t<div class=\"elementor-element elementor-element-1603b4c elementor-widget elementor-widget-text-editor\" data-id=\"1603b4c\" data-element_type=\"widget\" data-widget_type=\"text-editor.default\">\n\t\t\t\t<div class=\"elementor-widget-container\">\n\t\t\t\t\t\t\t\t\t<p>Wir vermitteln Ihnen auf hohem Niveau modernste, praxisorientierte Managementmethoden und Querschnittskompetenzen, die Sie im Zuge vielf\u00e4ltiger regionaler und internationaler Kooperationen, Fallstudien und Praxispro\u00adjekte ausbauen k\u00f6nnen. Dabei zeichnet sich der Studienplan durch gro\u00dfe Wahlfreiheiten f\u00fcr die Studierenden aus. Die Unterrichtssprache ist vorrangig Deutsch. Einzelne Module, Lehrveranstaltungen oder Teile von Lehrveranstaltungen k\u00f6nnen in Englisch abgehalten werden.<\/p><p>Berufserfahrung ist hilfreich, aber aufgrund der konseku\u00adtiven Ausgestaltung des Masters nicht zwingend erfor\u00adderlich. Das Masterstudium im Studiengang Mittelstands\u00admanagement ist ein Vollzeitstudium mit der Studiendauer von drei Semestern. Im dritten Semester erstellen die Studierenden ihre Masterarbeit, in der sie praktische Probleme der Unternehmensf\u00fchrung mit Hilfe wissen\u00adschaftlicher Methoden l\u00f6sen<\/p>\t\t\t\t\t\t\t\t<\/div>\n\t\t\t\t<\/div>\n\t\t\t\t\t<\/div>\n\t\t\t\t<\/div>\n\t\t<div class=\"elementor-element elementor-element-9511f54 e-flex e-con-boxed e-con e-parent\" data-id=\"9511f54\" data-element_type=\"container\">\n\t\t\t\t\t<div class=\"e-con-inner\">\n\t\t\t\t<div class=\"elementor-element elementor-element-e8f4a99 elementor-widget-divider--view-line elementor-widget elementor-widget-divider\" data-id=\"e8f4a99\" data-element_type=\"widget\" data-widget_type=\"divider.default\">\n\t\t\t\t<div class=\"elementor-widget-container\">\n\t\t\t\t\t\t\t<div class=\"elementor-divider\">\n\t\t\t<span class=\"elementor-divider-separator\">\n\t\t\t\t\t\t<\/span>\n\t\t<\/div>\n\t\t\t\t\t\t<\/div>\n\t\t\t\t<\/div>\n\t\t\t\t\t<\/div>\n\t\t\t\t<\/div>\n\t\t<div class=\"elementor-element elementor-element-ae43f52 e-flex e-con-boxed e-con e-parent\" data-id=\"ae43f52\" data-element_type=\"container\">\n\t\t\t\t\t<div class=\"e-con-inner\">\n\t\t\t\t<div class=\"elementor-element elementor-element-c78510d elementor-widget elementor-widget-heading\" data-id=\"c78510d\" data-element_type=\"widget\" data-widget_type=\"heading.default\">\n\t\t\t\t<div class=\"elementor-widget-container\">\n\t\t\t\t\t<h2 class=\"elementor-heading-title elementor-size-default\">Abschluss nach Masterthesis<\/h2>\t\t\t\t<\/div>\n\t\t\t\t<\/div>\n\t\t\t\t<div class=\"elementor-element elementor-element-90d793f elementor-widget elementor-widget-text-editor\" data-id=\"90d793f\" data-element_type=\"widget\" data-widget_type=\"text-editor.default\">\n\t\t\t\t<div class=\"elementor-widget-container\">\n\t\t\t\t\t\t\t\t\t<p>Master of Arts (M. A.)<\/p>\t\t\t\t\t\t\t\t<\/div>\n\t\t\t\t<\/div>\n\t\t\t\t<div class=\"elementor-element elementor-element-75dfb6e elementor-widget-divider--view-line elementor-widget elementor-widget-divider\" data-id=\"75dfb6e\" data-element_type=\"widget\" data-widget_type=\"divider.default\">\n\t\t\t\t<div class=\"elementor-widget-container\">\n\t\t\t\t\t\t\t<div class=\"elementor-divider\">\n\t\t\t<span class=\"elementor-divider-separator\">\n\t\t\t\t\t\t<\/span>\n\t\t<\/div>\n\t\t\t\t\t\t<\/div>\n\t\t\t\t<\/div>\n\t\t\t\t\t<\/div>\n\t\t\t\t<\/div>\n\t\t<div class=\"elementor-element elementor-element-ba20913 e-flex e-con-boxed e-con e-parent\" data-id=\"ba20913\" data-element_type=\"container\">\n\t\t\t\t\t<div class=\"e-con-inner\">\n\t\t\t\t<div class=\"elementor-element elementor-element-fdd585c elementor-widget elementor-widget-heading\" data-id=\"fdd585c\" data-element_type=\"widget\" data-widget_type=\"heading.default\">\n\t\t\t\t<div class=\"elementor-widget-container\">\n\t\t\t\t\t<h2 class=\"elementor-heading-title elementor-size-default\">Master of Arts (M. A.)<\/h2>\t\t\t\t<\/div>\n\t\t\t\t<\/div>\n\t\t\t\t<div class=\"elementor-element elementor-element-f3372b6 elementor-widget elementor-widget-text-editor\" data-id=\"f3372b6\" data-element_type=\"widget\" data-widget_type=\"text-editor.default\">\n\t\t\t\t<div class=\"elementor-widget-container\">\n\t\t\t\t\t\t\t\t\t<ul><li>Ein berufsqualifizierender Hochschulabschluss in einer fachverwandten Ausrichtung, z.B. (Wirtschaftsinformatik oder VWL)<\/li><li>\u00dcberdurchschnittlicher Abschluss (mind. Note 2,5)<\/li><li>Hochschulabschluss mit mind. 210 ECTS oder mit mind. 180 ECTS (30 ECTS m\u00fcssen w\u00e4hrend des Masterstudiums erworben werden)<\/li><li>Sehr gute deutsche Sprachkenntnisse<\/li><\/ul>\t\t\t\t\t\t\t\t<\/div>\n\t\t\t\t<\/div>\n\t\t\t\t\t<\/div>\n\t\t\t\t<\/div>\n\t\t<div class=\"elementor-element elementor-element-579016b e-flex e-con-boxed e-con e-parent\" data-id=\"579016b\" data-element_type=\"container\">\n\t\t\t\t\t<div class=\"e-con-inner\">\n\t\t\t\t<div class=\"elementor-element elementor-element-c5c3c1d elementor-widget-divider--view-line elementor-widget elementor-widget-divider\" data-id=\"c5c3c1d\" data-element_type=\"widget\" data-widget_type=\"divider.default\">\n\t\t\t\t<div class=\"elementor-widget-container\">\n\t\t\t\t\t\t\t<div class=\"elementor-divider\">\n\t\t\t<span class=\"elementor-divider-separator\">\n\t\t\t\t\t\t<\/span>\n\t\t<\/div>\n\t\t\t\t\t\t<\/div>\n\t\t\t\t<\/div>\n\t\t\t\t\t<\/div>\n\t\t\t\t<\/div>\n\t\t<div class=\"elementor-element elementor-element-9d5a264 e-flex e-con-boxed e-con e-parent\" data-id=\"9d5a264\" data-element_type=\"container\">\n\t\t\t\t\t<div class=\"e-con-inner\">\n\t\t\t\t<div class=\"elementor-element elementor-element-25679fe elementor-widget elementor-widget-heading\" data-id=\"25679fe\" data-element_type=\"widget\" data-widget_type=\"heading.default\">\n\t\t\t\t<div class=\"elementor-widget-container\">\n\t\t\t\t\t<h2 class=\"elementor-heading-title elementor-size-default\">Studienf\u00e4cher im Bereich Informationssysteme des Masterstudiengangs sind<\/h2>\t\t\t\t<\/div>\n\t\t\t\t<\/div>\n\t\t\t\t<div class=\"elementor-element elementor-element-3fa57b0 elementor-widget elementor-widget-text-editor\" data-id=\"3fa57b0\" data-element_type=\"widget\" data-widget_type=\"text-editor.default\">\n\t\t\t\t<div class=\"elementor-widget-container\">\n\t\t\t\t\t\t\t\t\t<ul><li>Instrumente des Online-Marketings<\/li><li>Konzepte des Medienmanagements<\/li><\/ul>\t\t\t\t\t\t\t\t<\/div>\n\t\t\t\t<\/div>\n\t\t\t\t\t<\/div>\n\t\t\t\t<\/div>\n\t\t<div class=\"elementor-element elementor-element-14dd1a7 e-flex e-con-boxed e-con e-parent\" data-id=\"14dd1a7\" data-element_type=\"container\">\n\t\t\t\t\t<div class=\"e-con-inner\">\n\t\t\t\t<div class=\"elementor-element elementor-element-a875faa elementor-widget-divider--view-line elementor-widget elementor-widget-divider\" data-id=\"a875faa\" data-element_type=\"widget\" data-widget_type=\"divider.default\">\n\t\t\t\t<div class=\"elementor-widget-container\">\n\t\t\t\t\t\t\t<div class=\"elementor-divider\">\n\t\t\t<span class=\"elementor-divider-separator\">\n\t\t\t\t\t\t<\/span>\n\t\t<\/div>\n\t\t\t\t\t\t<\/div>\n\t\t\t\t<\/div>\n\t\t\t\t\t<\/div>\n\t\t\t\t<\/div>\n\t\t<div class=\"elementor-element elementor-element-44e7126 e-flex e-con-boxed e-con e-parent\" data-id=\"44e7126\" data-element_type=\"container\">\n\t\t\t\t\t<div class=\"e-con-inner\">\n\t\t\t\t<div class=\"elementor-element elementor-element-40d2096 elementor-widget-mobile__width-initial elementor-widget elementor-widget-heading\" data-id=\"40d2096\" data-element_type=\"widget\" data-widget_type=\"heading.default\">\n\t\t\t\t<div class=\"elementor-widget-container\">\n\t\t\t\t\t<h2 class=\"elementor-heading-title elementor-size-default\">\u00dcberblick \u00fcber den Master of Arts im \u201eMittelstandsmanagement\u201c<\/h2>\t\t\t\t<\/div>\n\t\t\t\t<\/div>\n\t\t\t\t<div class=\"elementor-element elementor-element-f8e4bc5 elementor-widget elementor-widget-image\" data-id=\"f8e4bc5\" data-element_type=\"widget\" data-widget_type=\"image.default\">\n\t\t\t\t<div class=\"elementor-widget-container\">\n\t\t\t\t\t\t\t\t\t\t\t\t\t\t\t<img fetchpriority=\"high\" decoding=\"async\" width=\"1401\" height=\"506\" src=\"http:\/\/www.kmu-aalen.de\/kmu\/wp-content\/uploads\/2026\/01\/SME-M.Sc_.-course-content.png\" class=\"attachment-full size-full wp-image-3437\" alt=\"\" srcset=\"http:\/\/www.kmu-aalen.de\/kmu\/wp-content\/uploads\/2026\/01\/SME-M.Sc_.-course-content.png 1401w, http:\/\/www.kmu-aalen.de\/kmu\/wp-content\/uploads\/2026\/01\/SME-M.Sc_.-course-content-300x108.png 300w, http:\/\/www.kmu-aalen.de\/kmu\/wp-content\/uploads\/2026\/01\/SME-M.Sc_.-course-content-1024x370.png 1024w, http:\/\/www.kmu-aalen.de\/kmu\/wp-content\/uploads\/2026\/01\/SME-M.Sc_.-course-content-768x277.png 768w, http:\/\/www.kmu-aalen.de\/kmu\/wp-content\/uploads\/2026\/01\/SME-M.Sc_.-course-content-18x7.png 18w\" sizes=\"(max-width: 1401px) 100vw, 1401px\" \/>\t\t\t\t\t\t\t\t\t\t\t\t\t\t\t<\/div>\n\t\t\t\t<\/div>\n\t\t\t\t<div class=\"elementor-element elementor-element-ba21cb8 elementor-widget elementor-widget-spacer\" data-id=\"ba21cb8\" data-element_type=\"widget\" data-widget_type=\"spacer.default\">\n\t\t\t\t<div class=\"elementor-widget-container\">\n\t\t\t\t\t\t\t<div class=\"elementor-spacer\">\n\t\t\t<div class=\"elementor-spacer-inner\"><\/div>\n\t\t<\/div>\n\t\t\t\t\t\t<\/div>\n\t\t\t\t<\/div>\n\t\t\t\t\t<\/div>\n\t\t\t\t<\/div>\n\t\t\t\t<\/div>\n\t\t","protected":false},"excerpt":{"rendered":"<p>Mittelstandsmanagement (Master of Arts) Unser konsekutives Masterprogramm Master of Arts in \u201eMittelstandsmanagement\u201c bietet \u00fcberdurchschnittlich qualifizierten Absolventen wirtschaftswissenschaftlicher Bachelorstudieng\u00e4nge eine fachliche Spezialisierung im Rahmen mehrerer Studieng\u00e4nge wie Mittelstandsmanagement, Wirtschaftsinformatik und International Marketing and Sales. Der Studiengang \u201eMittelstandsmanagement\u201c qualifiziert die AbsolventInnen f\u00fcr Management- und F\u00fchrungsaufgaben in mittelst\u00e4ndischen Unternehmen sowie f\u00fcr die erfolgreiche Verwirklichung eigener Gesch\u00e4ftsideen. Besonderes Gewicht [&hellip;]<\/p>\n","protected":false},"author":1,"featured_media":0,"parent":0,"menu_order":0,"comment_status":"closed","ping_status":"closed","template":"","meta":{"ocean_post_layout":"full-screen","ocean_both_sidebars_style":"","ocean_both_sidebars_content_width":0,"ocean_both_sidebars_sidebars_width":0,"ocean_sidebar":"0","ocean_second_sidebar":"0","ocean_disable_margins":"enable","ocean_add_body_class":"","ocean_shortcode_before_top_bar":"","ocean_shortcode_after_top_bar":"","ocean_shortcode_before_header":"","ocean_shortcode_after_header":"","ocean_has_shortcode":"","ocean_shortcode_after_title":"","ocean_shortcode_before_footer_widgets":"","ocean_shortcode_after_footer_widgets":"","ocean_shortcode_before_footer_bottom":"","ocean_shortcode_after_footer_bottom":"","ocean_display_top_bar":"off","ocean_display_header":"default","ocean_header_style":"","ocean_center_header_left_menu":"0","ocean_custom_header_template":"0","ocean_custom_logo":0,"ocean_custom_retina_logo":0,"ocean_custom_logo_max_width":0,"ocean_custom_logo_tablet_max_width":0,"ocean_custom_logo_mobile_max_width":0,"ocean_custom_logo_max_height":0,"ocean_custom_logo_tablet_max_height":0,"ocean_custom_logo_mobile_max_height":0,"ocean_header_custom_menu":"0","ocean_menu_typo_font_family":"0","ocean_menu_typo_font_subset":"","ocean_menu_typo_font_size":0,"ocean_menu_typo_font_size_tablet":0,"ocean_menu_typo_font_size_mobile":0,"ocean_menu_typo_font_size_unit":"px","ocean_menu_typo_font_weight":"","ocean_menu_typo_font_weight_tablet":"","ocean_menu_typo_font_weight_mobile":"","ocean_menu_typo_transform":"","ocean_menu_typo_transform_tablet":"","ocean_menu_typo_transform_mobile":"","ocean_menu_typo_line_height":0,"ocean_menu_typo_line_height_tablet":0,"ocean_menu_typo_line_height_mobile":0,"ocean_menu_typo_line_height_unit":"","ocean_menu_typo_spacing":0,"ocean_menu_typo_spacing_tablet":0,"ocean_menu_typo_spacing_mobile":0,"ocean_menu_typo_spacing_unit":"","ocean_menu_link_color":"","ocean_menu_link_color_hover":"","ocean_menu_link_color_active":"","ocean_menu_link_background":"","ocean_menu_link_hover_background":"","ocean_menu_link_active_background":"","ocean_menu_social_links_bg":"","ocean_menu_social_hover_links_bg":"","ocean_menu_social_links_color":"","ocean_menu_social_hover_links_color":"","ocean_disable_title":"on","ocean_disable_heading":"default","ocean_post_title":"","ocean_post_subheading":"","ocean_post_title_style":"","ocean_post_title_background_color":"","ocean_post_title_background":0,"ocean_post_title_bg_image_position":"","ocean_post_title_bg_image_attachment":"","ocean_post_title_bg_image_repeat":"","ocean_post_title_bg_image_size":"","ocean_post_title_height":0,"ocean_post_title_bg_overlay":0.5,"ocean_post_title_bg_overlay_color":"","ocean_disable_breadcrumbs":"default","ocean_breadcrumbs_color":"","ocean_breadcrumbs_separator_color":"","ocean_breadcrumbs_links_color":"","ocean_breadcrumbs_links_hover_color":"","ocean_display_footer_widgets":"off","ocean_display_footer_bottom":"off","ocean_custom_footer_template":"0","footnotes":""},"class_list":["post-64","page","type-page","status-publish","hentry","entry"],"_links":{"self":[{"href":"http:\/\/www.kmu-aalen.de\/kmu\/wp-json\/wp\/v2\/pages\/64","targetHints":{"allow":["GET"]}}],"collection":[{"href":"http:\/\/www.kmu-aalen.de\/kmu\/wp-json\/wp\/v2\/pages"}],"about":[{"href":"http:\/\/www.kmu-aalen.de\/kmu\/wp-json\/wp\/v2\/types\/page"}],"author":[{"embeddable":true,"href":"http:\/\/www.kmu-aalen.de\/kmu\/wp-json\/wp\/v2\/users\/1"}],"replies":[{"embeddable":true,"href":"http:\/\/www.kmu-aalen.de\/kmu\/wp-json\/wp\/v2\/comments?post=64"}],"version-history":[{"count":41,"href":"http:\/\/www.kmu-aalen.de\/kmu\/wp-json\/wp\/v2\/pages\/64\/revisions"}],"predecessor-version":[{"id":3443,"href":"http:\/\/www.kmu-aalen.de\/kmu\/wp-json\/wp\/v2\/pages\/64\/revisions\/3443"}],"wp:attachment":[{"href":"http:\/\/www.kmu-aalen.de\/kmu\/wp-json\/wp\/v2\/media?parent=64"}],"curies":[{"name":"wp","href":"https:\/\/api.w.org\/{rel}","templated":true}]}}