{"id":3239,"date":"2017-12-13T12:08:08","date_gmt":"2017-12-13T10:08:08","guid":{"rendered":"http:\/\/www.kmu-aalen.de\/kmu-aalen\/?page_id=3239"},"modified":"2018-01-02T20:54:28","modified_gmt":"2018-01-02T18:54:28","slug":"nachhaltigereinkauf","status":"publish","type":"page","link":"http:\/\/www.kmu-aalen.de\/kmu-aalen\/language\/de\/forschung-2\/studierendenprojekte\/nachhaltigereinkauf\/","title":{"rendered":"Suchmaschinenoptimierung von nachhaltiger-einkauf.de"},"content":{"rendered":"<p>Im Rahmen der Lehrveranstaltung \u201eBetriebliche Informationssysteme\u201c bei Herrn Prof. Dr. H\u00e4rting im Studiengang Betriebswirtschaft f\u00fcr kleine und mittlere Unternehmen an der Hochschule Aalen erhalten die Studierenden im vierten Semester einen ersten Einblick in die Themenfelder E-Business und Business Software. Der Umfang der Lehrveranstaltung ist nicht ausreichend, um das gro\u00dfe Spektrum von Software komplett vorzustellen. Deshalb fertigt je ein Team eine Projektarbeit zu einem aus 16 angebotenen Themen an. Das Projetteam 8 bearbeitet in diesem Zusammenhang die Aufgabenstellung \u201eAusgew\u00e4hlte Ans\u00e4tze des Online-Marketing insbesondere SEM am Fallbeispiel www.nachhaltiger-einkauf.de\u201c.<span data-ccp-props=\"{&quot;201341983&quot;:0,&quot;335551550&quot;:6,&quot;335551620&quot;:6,&quot;335559739&quot;:160,&quot;335559740&quot;:360}\">\u00a0<\/span><\/p>\n<p>Ziel dieser Projektarbeit ist es, die grundlegenden Bestandteile und Funktionen der Software \u201eSISTRIX\u201c aufzuarbeiten und dar\u00fcber hinaus an dem Fallbeispiel \u201ewww.nachhaltiger-einkauf.de\u201c die Anwendungsm\u00f6glichkeiten in der Praxis aufzuzeigen. Es sollen au\u00dferdem Suchmaschinenoptimierungsma\u00dfnahmen durchgef\u00fchrt werden. Das Projektteam erstellt zudem einen Projektbericht, in dem das Projektthema fundiert aufgearbeitet wird. Um auch den restlichen Studierenden des Semesters einen <span style=\"color: #0080ff;\">Einblick in SISTRIX<\/span> zu erm\u00f6glichen, wird ein Workshop selbst\u00e4ndig erarbeitet und durchgef\u00fchrt. So k\u00f6nnen auch andere Studierende die grundlegenden Funktionen der Applikation kennenlernen. Die Teammitglieder st\u00e4rken durch die Teamarbeit ihre Fach- und Methodenkompetenz, aber auch ihre Sozialkompetenz.<span data-ccp-props=\"{&quot;201341983&quot;:0,&quot;335551550&quot;:6,&quot;335551620&quot;:6,&quot;335559739&quot;:160,&quot;335559740&quot;:360}\">\u00a0<\/span><\/p>\n<p>Das Projektteam hat bereits einige Optimierungsma\u00dfnahmen durchgef\u00fchrt, unter anderem wurde die Seite SSL-verschl\u00fcsselt. Auf der Abbildung kann dies am geschlossenen gr\u00fcnen Schloss erkannt werden.<\/p>\n<p><a href=\"http:\/\/www.kmu-aalen.de\/kmu-aalen\/wp-content\/uploads\/2017\/12\/sistrix.png\"><img decoding=\"async\" loading=\"lazy\" class=\"aligncenter wp-image-3284\" src=\"http:\/\/www.kmu-aalen.de\/kmu-aalen\/wp-content\/uploads\/2017\/12\/sistrix-300x156.png\" alt=\"ssl-verschl\u00fcsselte Seite nachhaltiger-einkauf.de\" width=\"583\" height=\"303\" srcset=\"http:\/\/www.kmu-aalen.de\/wp-content\/uploads\/2017\/12\/sistrix-300x156.png 300w, http:\/\/www.kmu-aalen.de\/wp-content\/uploads\/2017\/12\/sistrix-768x400.png 768w, http:\/\/www.kmu-aalen.de\/wp-content\/uploads\/2017\/12\/sistrix-1024x534.png 1024w, http:\/\/www.kmu-aalen.de\/wp-content\/uploads\/2017\/12\/sistrix.png 1570w\" sizes=\"(max-width: 583px) 100vw, 583px\" \/><\/a>Wer Genaueres erfahren m\u00f6chte und sich mit dem Thema Nachhaltigkeit befassen m\u00f6chte, kann sich gerne auf der Seite <a href=\"https:\/\/www.nachhaltiger-einkauf.de\" target=\"_blank\" rel=\"noopener noreferrer\">https:\/\/www.nachhaltiger-einkauf.de<\/a> informieren.<\/p>\n","protected":false},"excerpt":{"rendered":"<p>Im Rahmen der Lehrveranstaltung \u201eBetriebliche Informationssysteme\u201c bei Herrn Prof. Dr. H\u00e4rting im Studiengang Betriebswirtschaft f\u00fcr kleine und mittlere Unternehmen an der Hochschule Aalen erhalten die Studierenden im vierten Semester einen ersten Einblick in die Themenfelder E-Business und Business Software. Der&hellip; <\/p>\n","protected":false},"author":32,"featured_media":0,"parent":2839,"menu_order":30,"comment_status":"closed","ping_status":"closed","template":"","meta":[],"_links":{"self":[{"href":"http:\/\/www.kmu-aalen.de\/kmu-aalen\/wp-json\/wp\/v2\/pages\/3239"}],"collection":[{"href":"http:\/\/www.kmu-aalen.de\/kmu-aalen\/wp-json\/wp\/v2\/pages"}],"about":[{"href":"http:\/\/www.kmu-aalen.de\/kmu-aalen\/wp-json\/wp\/v2\/types\/page"}],"author":[{"embeddable":true,"href":"http:\/\/www.kmu-aalen.de\/kmu-aalen\/wp-json\/wp\/v2\/users\/32"}],"replies":[{"embeddable":true,"href":"http:\/\/www.kmu-aalen.de\/kmu-aalen\/wp-json\/wp\/v2\/comments?post=3239"}],"version-history":[{"count":7,"href":"http:\/\/www.kmu-aalen.de\/kmu-aalen\/wp-json\/wp\/v2\/pages\/3239\/revisions"}],"predecessor-version":[{"id":3306,"href":"http:\/\/www.kmu-aalen.de\/kmu-aalen\/wp-json\/wp\/v2\/pages\/3239\/revisions\/3306"}],"up":[{"embeddable":true,"href":"http:\/\/www.kmu-aalen.de\/kmu-aalen\/wp-json\/wp\/v2\/pages\/2839"}],"wp:attachment":[{"href":"http:\/\/www.kmu-aalen.de\/kmu-aalen\/wp-json\/wp\/v2\/media?parent=3239"}],"curies":[{"name":"wp","href":"https:\/\/api.w.org\/{rel}","templated":true}]}}