{"id":3037,"date":"2017-12-08T12:32:33","date_gmt":"2017-12-08T10:32:33","guid":{"rendered":"http:\/\/www.kmu-aalen.de\/kmu-aalen\/?page_id=3037"},"modified":"2017-12-13T11:31:46","modified_gmt":"2017-12-13T09:31:46","slug":"data-mining","status":"publish","type":"page","link":"http:\/\/www.kmu-aalen.de\/kmu-aalen\/language\/de\/forschung-2\/aktuelle-forschungsprojekte\/data-mining\/","title":{"rendered":"Data Mining"},"content":{"rendered":"<p><strong>Was ist Data Mining?<\/strong><\/p>\n<p>Data Analytics und abgeleitetes Data Mining sind leistungsstarke Ans\u00e4tze f\u00fcr die Analyse von Big Data. Es gibt viele kommerzielle Data Analytics-Anwendungen, die Unternehmen nutzen k\u00f6nnen. In der Vergangenheit waren viele Unternehmen immer noch kritisch mit Data Analytics. Durch die Bem\u00fchungen im Bereich der Etablierung von Prozessstandards k\u00f6nnten Manager von den Vorteilen von Data Analytics \u00fcberzeugt werden. Viele kleine und mittlere Organisationen sind von dieser Entwicklung weiterhin ausgenommen. Die Hauptgr\u00fcnde daf\u00fcr sind fehlende Gesch\u00e4ftspriorisierung, fehlendes (IT) Wissen und ein fehlender \u00dcberblick \u00fcber Data Analytics-Probleme.<\/p>\n","protected":false},"excerpt":{"rendered":"<p>Was ist Data Mining? Data Analytics und abgeleitetes Data Mining sind leistungsstarke Ans\u00e4tze f\u00fcr die Analyse von Big Data. Es gibt viele kommerzielle Data Analytics-Anwendungen, die Unternehmen nutzen k\u00f6nnen. In der Vergangenheit waren viele Unternehmen immer noch kritisch mit Data&hellip; <\/p>\n","protected":false},"author":32,"featured_media":0,"parent":2110,"menu_order":50,"comment_status":"closed","ping_status":"closed","template":"","meta":[],"_links":{"self":[{"href":"http:\/\/www.kmu-aalen.de\/kmu-aalen\/wp-json\/wp\/v2\/pages\/3037"}],"collection":[{"href":"http:\/\/www.kmu-aalen.de\/kmu-aalen\/wp-json\/wp\/v2\/pages"}],"about":[{"href":"http:\/\/www.kmu-aalen.de\/kmu-aalen\/wp-json\/wp\/v2\/types\/page"}],"author":[{"embeddable":true,"href":"http:\/\/www.kmu-aalen.de\/kmu-aalen\/wp-json\/wp\/v2\/users\/32"}],"replies":[{"embeddable":true,"href":"http:\/\/www.kmu-aalen.de\/kmu-aalen\/wp-json\/wp\/v2\/comments?post=3037"}],"version-history":[{"count":3,"href":"http:\/\/www.kmu-aalen.de\/kmu-aalen\/wp-json\/wp\/v2\/pages\/3037\/revisions"}],"predecessor-version":[{"id":3226,"href":"http:\/\/www.kmu-aalen.de\/kmu-aalen\/wp-json\/wp\/v2\/pages\/3037\/revisions\/3226"}],"up":[{"embeddable":true,"href":"http:\/\/www.kmu-aalen.de\/kmu-aalen\/wp-json\/wp\/v2\/pages\/2110"}],"wp:attachment":[{"href":"http:\/\/www.kmu-aalen.de\/kmu-aalen\/wp-json\/wp\/v2\/media?parent=3037"}],"curies":[{"name":"wp","href":"https:\/\/api.w.org\/{rel}","templated":true}]}}