{"id":2845,"date":"2017-11-21T16:16:53","date_gmt":"2017-11-21T14:16:53","guid":{"rendered":"http:\/\/www.kmu-aalen.de\/kmu-aalen\/?page_id=2845"},"modified":"2017-12-13T10:53:42","modified_gmt":"2017-12-13T08:53:42","slug":"anzeigen","status":"publish","type":"page","link":"http:\/\/www.kmu-aalen.de\/kmu-aalen\/language\/de\/sonstiges\/anzeigen\/","title":{"rendered":"Anzeigen"},"content":{"rendered":"<h4 style=\"text-align: justify;\">TRAUER UM PROF. DR. DRES. H.C. ARNOLD PICOT<\/h4>\n<p>&nbsp;<\/p>\n<p>Mit gro\u00dfer Anteilnahme geben wir den Tod von Prof. Dr. Dres. h.c. Arnold Picot bekannt, der pl\u00f6tzlich und unerwartet am 9. Juli 2017 verstorben ist.<\/p>\n<p>Prof. Dr. Dres. h.c. Arnold Picot wurde 1944 in Gmunden, \u00d6sterreich, geboren. Nach Banklehre und Studium der BWL promovierte und habilitierte er an der Ludwig-Maximilians-Universit\u00e4t M\u00fcnchen und \u00fcbernahm 1976 den Lehrstuhl f\u00fcr Betriebswirtschaftslehre, insbesondere Unternehmensf\u00fchrung und Organisation, an der Universit\u00e4t Hannover. 1984 folgte er dem Ruf auf den Lehrstuhl f\u00fcr Allgemeine und Industrielle Betriebswirtschaftslehre an der Technischen Universit\u00e4t M\u00fcnchen, bevor er 1988 Vorstand des Instituts f\u00fcr Information, Organisation und Management an der Ludwig-Maximilians-Universit\u00e4t M\u00fcnchen wurde. 1998 wurde ihm die Ehrendoktorw\u00fcrde der TU Bergakademie Freiberg verliehen, 2002 erhielt er die Ehrendoktorw\u00fcrde der Universit\u00e4t St. Gallen. Er war Vorsitzender des M\u00fcnchner Kreises (\u00fcbernationale Vereinigung f\u00fcr Kommunikationsforschung), Mitglied in diversen wissenschaftlichen Beir\u00e4ten, Vorst\u00e4nden und Kommissionen sowie in Aufsichtsr\u00e4ten und Beir\u00e4ten in der Wirtschaftspraxis und (Mit)-Herausgeber von mehreren Zeitschriften, Schriftreihen und Sammelwerken. Seine Forschungsschwerpunkte befassten sich mit Grundfragen wirtschaftswissenschaftlicher Theorie, mit Organisation und Unternehmensf\u00fchrung sowie mit den Wechselwirkungen zwischen neuen Technologien und Strukturen von Unternehmen und M\u00e4rkten.<\/p>\n","protected":false},"excerpt":{"rendered":"<p>TRAUER UM PROF. DR. DRES. H.C. ARNOLD PICOT &nbsp; Mit gro\u00dfer Anteilnahme geben wir den Tod von Prof. Dr. Dres. h.c. Arnold Picot bekannt, der pl\u00f6tzlich und unerwartet am 9. Juli 2017 verstorben ist. Prof. Dr. Dres. h.c. Arnold Picot&hellip; <\/p>\n","protected":false},"author":32,"featured_media":0,"parent":2827,"menu_order":100,"comment_status":"closed","ping_status":"closed","template":"","meta":[],"_links":{"self":[{"href":"http:\/\/www.kmu-aalen.de\/kmu-aalen\/wp-json\/wp\/v2\/pages\/2845"}],"collection":[{"href":"http:\/\/www.kmu-aalen.de\/kmu-aalen\/wp-json\/wp\/v2\/pages"}],"about":[{"href":"http:\/\/www.kmu-aalen.de\/kmu-aalen\/wp-json\/wp\/v2\/types\/page"}],"author":[{"embeddable":true,"href":"http:\/\/www.kmu-aalen.de\/kmu-aalen\/wp-json\/wp\/v2\/users\/32"}],"replies":[{"embeddable":true,"href":"http:\/\/www.kmu-aalen.de\/kmu-aalen\/wp-json\/wp\/v2\/comments?post=2845"}],"version-history":[{"count":2,"href":"http:\/\/www.kmu-aalen.de\/kmu-aalen\/wp-json\/wp\/v2\/pages\/2845\/revisions"}],"predecessor-version":[{"id":2886,"href":"http:\/\/www.kmu-aalen.de\/kmu-aalen\/wp-json\/wp\/v2\/pages\/2845\/revisions\/2886"}],"up":[{"embeddable":true,"href":"http:\/\/www.kmu-aalen.de\/kmu-aalen\/wp-json\/wp\/v2\/pages\/2827"}],"wp:attachment":[{"href":"http:\/\/www.kmu-aalen.de\/kmu-aalen\/wp-json\/wp\/v2\/media?parent=2845"}],"curies":[{"name":"wp","href":"https:\/\/api.w.org\/{rel}","templated":true}]}}