{"id":2206,"date":"2017-03-03T17:52:26","date_gmt":"2017-03-03T15:52:26","guid":{"rendered":"http:\/\/www.kmu-aalen.de\/kmu-aalen\/?page_id=2206"},"modified":"2017-12-09T15:24:19","modified_gmt":"2017-12-09T13:24:19","slug":"2008-erp-systeme-in-kmu","status":"publish","type":"page","link":"http:\/\/www.kmu-aalen.de\/kmu-aalen\/language\/de\/veranstaltungenkes\/vergangene-transfertage\/2008-erp-systeme-in-kmu\/","title":{"rendered":"2008: ERP-Systeme in KMU"},"content":{"rendered":"<h3 style=\"text-align: center;\"><span style=\"font-size: 18pt;\">ERP-Systeme in kleinen und mittelst\u00e4ndischen Unternehmen \u2013\u00a0<\/span><br \/>\n<span style=\"font-size: 18pt;\">besser planen, steuern und entscheiden<\/span><\/h3>\n<p style=\"text-align: center;\">3. Transfertag<\/p>\n<p style=\"text-align: justify;\"><strong>Themen:<\/strong><\/p>\n<ul>\n<li>Einsatz von ERP-Systems im Mittelstand<br \/>\n<em>Dr. Ralf H\u00e4rting,\u00a0Hochschule Aalen<\/em><\/p>\n<hr \/>\n<\/li>\n<li>Integrierte Planung und Steuerung der Fertigung\u00a0mit ERP-Systemen &#8211; Ein Erfahrungsbericht am Beispiel der Firma M\u00fcrdter<br \/>\n<em>Normann M\u00fcrdter, Gesch\u00e4ftsf\u00fchrer M\u00fcrdter Metall- und Kunststoffverarbeitung GmbH<\/em><\/p>\n<hr \/>\n<\/li>\n<li>Kurvorstellung der Anbieter<br \/>\n<em>at data GmbH, Component Studio GmbH, KUMAvision AG, Plan\u2011B\u00a0GmbH, SGP GmbH, SMC IT AG<\/em><\/p>\n<hr \/>\n<\/li>\n<li>Das Ziel: ERP &#8211; einfach und transparent<br \/>\n<em>at data GmbH<\/em><\/p>\n<hr \/>\n<\/li>\n<li>Erfolgreich Wirtschaften mit ERP und CRM &#8211; zeitnah, kundennah, praxisnah<br \/>\n<em>Component Studio GmbH<\/em><\/p>\n<hr \/>\n<\/li>\n<li>ERP &#8211; eine Strategie zur Steuerung diskreter Fertigungsprozesse in mittelst\u00e4ndisch gepr\u00e4gten Unternehmen\u00a0&#8211; demonstriert am Beispiel von\u00a0Microsoft Dynamics NAV<br \/>\n<em>KUMAvision AG<\/em><\/p>\n<hr \/>\n<\/li>\n<li>Effektive Ressourcenplanung mit Bedarfsanalyse &#8211; leichter gemacht durch den Einsatz von ERP-Systemen<br \/>\n<em>SGP GmbH<\/em><\/p>\n<hr \/>\n<\/li>\n<li>Prozesse besser steuern durch Integration von ERP- und CRM-Systemen<br \/>\n<em>SMC IT AG<\/em><\/p>\n<hr \/>\n<\/li>\n<\/ul>\n<p style=\"text-align: justify;\"><strong>Tagungsband<\/strong><br \/>\nHerausgeber: Prof. Dr. Ralf-Christian H\u00e4rting<br \/>\nISBN 978-3-00-031378-3<\/p>\n","protected":false},"excerpt":{"rendered":"<p>ERP-Systeme in kleinen und mittelst\u00e4ndischen Unternehmen \u2013\u00a0 besser planen, steuern und entscheiden 3. Transfertag Themen: Einsatz von ERP-Systems im Mittelstand Dr. Ralf H\u00e4rting,\u00a0Hochschule Aalen Integrierte Planung und Steuerung der Fertigung\u00a0mit ERP-Systemen &#8211; Ein Erfahrungsbericht am Beispiel der Firma M\u00fcrdter Normann&hellip; <\/p>\n","protected":false},"author":33,"featured_media":0,"parent":2177,"menu_order":60,"comment_status":"closed","ping_status":"closed","template":"","meta":[],"_links":{"self":[{"href":"http:\/\/www.kmu-aalen.de\/kmu-aalen\/wp-json\/wp\/v2\/pages\/2206"}],"collection":[{"href":"http:\/\/www.kmu-aalen.de\/kmu-aalen\/wp-json\/wp\/v2\/pages"}],"about":[{"href":"http:\/\/www.kmu-aalen.de\/kmu-aalen\/wp-json\/wp\/v2\/types\/page"}],"author":[{"embeddable":true,"href":"http:\/\/www.kmu-aalen.de\/kmu-aalen\/wp-json\/wp\/v2\/users\/33"}],"replies":[{"embeddable":true,"href":"http:\/\/www.kmu-aalen.de\/kmu-aalen\/wp-json\/wp\/v2\/comments?post=2206"}],"version-history":[{"count":6,"href":"http:\/\/www.kmu-aalen.de\/kmu-aalen\/wp-json\/wp\/v2\/pages\/2206\/revisions"}],"predecessor-version":[{"id":3106,"href":"http:\/\/www.kmu-aalen.de\/kmu-aalen\/wp-json\/wp\/v2\/pages\/2206\/revisions\/3106"}],"up":[{"embeddable":true,"href":"http:\/\/www.kmu-aalen.de\/kmu-aalen\/wp-json\/wp\/v2\/pages\/2177"}],"wp:attachment":[{"href":"http:\/\/www.kmu-aalen.de\/kmu-aalen\/wp-json\/wp\/v2\/media?parent=2206"}],"curies":[{"name":"wp","href":"https:\/\/api.w.org\/{rel}","templated":true}]}}