{"id":2127,"date":"2017-02-21T18:22:57","date_gmt":"2017-02-21T16:22:57","guid":{"rendered":"http:\/\/www.kmu-aalen.de\/kmu-aalen\/?page_id=2127"},"modified":"2017-11-21T16:41:40","modified_gmt":"2017-11-21T14:41:40","slug":"bachelor","status":"publish","type":"page","link":"http:\/\/www.kmu-aalen.de\/kmu-aalen\/language\/de\/unterrichten\/bachelor\/","title":{"rendered":"Bachelor"},"content":{"rendered":"<h3 style=\"text-align: left;\">Betriebswirtschaft f\u00fcr kleine und mittlere Unternehmen (Bachelor of Arts)<\/h3>\n<p>Das\u00a0Studium zum Bachelor of Arts an der Fachhochschule Aalen ist eine breit definierte und praxisorientierte Ausbildung mit einem hervorragenden Ranking deutschlandweit. Prof. Dr. Ralf H\u00e4rting, Vizedekan\u00a0des Bachelor-Studiengangs &#8220;Betriebswirtschaft f\u00fcr kleine und mittlere Unternehmen&#8221;, unterrichtet Unternehmensorganisation, Informationssysteme und E-Commerce \/ Neue Medien.<\/p>\n<p><strong>Studienf\u00e4cher im Bereich Informationssysteme im Bachelor-Studiengang sind:<\/strong><\/p>\n<ul>\n<li>Einf\u00fchrung in die Informatik (1. Semester)<\/li>\n<li>Wirtschaftsinformatik (3. Semester)<\/li>\n<li>Die Vorlesung Internes Informationsmanagement (4. Semester) gliedert sich in zwei Teile:<br \/>\nE-Business und Business-Software<\/li>\n<\/ul>\n<p><strong>Lernziele \/ Kompetenzen:<\/strong><\/p>\n<ol>\n<li>Professionelle Kompetenz:<br \/>\nDiese Vorlesung soll einen Einblick in die Einsatzm\u00f6glichkeiten von E-Business geben. Die Teilnehmer lernen die Grundlagen der Business Software und ihre Bedeutung f\u00fcr kleine und mittlere Unternehmen.<\/li>\n<li>Methodische Kompetenz:<br \/>\nDieser Vortrag behandelt den aktuellen und sich wandelnden Zustand von\u00a0Social Media und diskutiert, wie sie in der Projektarbeit angewendet werden k\u00f6nnen. Die Studierenden arbeiten an Projekten, um Einblicke in interne Anwendungsm\u00f6glichkeiten f\u00fcr ausgew\u00e4hlte EDV-Systeme zu erhalten.<\/li>\n<li>Sozialkompetenz:<br \/>\nDiese Vorlesung erm\u00f6glicht den Teilnehmern, spezielle IT-Probleme kleiner und mittlerer Unternehmen zu verstehen und ihre Teamworkf\u00e4higkeiten in Bezug auf Pr\u00e4sentationen und Probleml\u00f6sungsf\u00e4higkeiten zu erweitern.<\/li>\n<\/ol>\n<p><strong>\u00dcberblick \u00fcber den Bachelor of Arts in &#8220;Betriebswirtschaft f\u00fcr kleine und mittlere Unternehmen&#8221;:<\/strong><\/p>\n<p>&nbsp;<\/p>\n<p><a href=\"http:\/\/www.kmu-aalen.de\/kmu-aalen\/wp-content\/uploads\/2017\/02\/Studienverlauf.jpg\"><img decoding=\"async\" loading=\"lazy\" class=\"aligncenter size-medium wp-image-2025\" src=\"http:\/\/www.kmu-aalen.de\/kmu-aalen\/wp-content\/uploads\/2017\/02\/Studienverlauf-300x139.jpg\" alt=\"Studienverlauf\" width=\"300\" height=\"139\" srcset=\"http:\/\/www.kmu-aalen.de\/wp-content\/uploads\/2017\/02\/Studienverlauf-300x139.jpg 300w, http:\/\/www.kmu-aalen.de\/wp-content\/uploads\/2017\/02\/Studienverlauf.jpg 785w\" sizes=\"(max-width: 300px) 100vw, 300px\" \/><\/a><\/p>\n","protected":false},"excerpt":{"rendered":"<p>Betriebswirtschaft f\u00fcr kleine und mittlere Unternehmen (Bachelor of Arts) Das\u00a0Studium zum Bachelor of Arts an der Fachhochschule Aalen ist eine breit definierte und praxisorientierte Ausbildung mit einem hervorragenden Ranking deutschlandweit. Prof. Dr. Ralf H\u00e4rting, Vizedekan\u00a0des Bachelor-Studiengangs &#8220;Betriebswirtschaft f\u00fcr kleine und&hellip; <\/p>\n","protected":false},"author":33,"featured_media":0,"parent":2118,"menu_order":100,"comment_status":"open","ping_status":"closed","template":"","meta":[],"_links":{"self":[{"href":"http:\/\/www.kmu-aalen.de\/kmu-aalen\/wp-json\/wp\/v2\/pages\/2127"}],"collection":[{"href":"http:\/\/www.kmu-aalen.de\/kmu-aalen\/wp-json\/wp\/v2\/pages"}],"about":[{"href":"http:\/\/www.kmu-aalen.de\/kmu-aalen\/wp-json\/wp\/v2\/types\/page"}],"author":[{"embeddable":true,"href":"http:\/\/www.kmu-aalen.de\/kmu-aalen\/wp-json\/wp\/v2\/users\/33"}],"replies":[{"embeddable":true,"href":"http:\/\/www.kmu-aalen.de\/kmu-aalen\/wp-json\/wp\/v2\/comments?post=2127"}],"version-history":[{"count":1,"href":"http:\/\/www.kmu-aalen.de\/kmu-aalen\/wp-json\/wp\/v2\/pages\/2127\/revisions"}],"predecessor-version":[{"id":2128,"href":"http:\/\/www.kmu-aalen.de\/kmu-aalen\/wp-json\/wp\/v2\/pages\/2127\/revisions\/2128"}],"up":[{"embeddable":true,"href":"http:\/\/www.kmu-aalen.de\/kmu-aalen\/wp-json\/wp\/v2\/pages\/2118"}],"wp:attachment":[{"href":"http:\/\/www.kmu-aalen.de\/kmu-aalen\/wp-json\/wp\/v2\/media?parent=2127"}],"curies":[{"name":"wp","href":"https:\/\/api.w.org\/{rel}","templated":true}]}}