{"id":2107,"date":"2017-02-21T17:00:19","date_gmt":"2017-02-21T15:00:19","guid":{"rendered":"http:\/\/www.kmu-aalen.de\/kmu-aalen\/?page_id=2107"},"modified":"2018-05-24T23:43:02","modified_gmt":"2018-05-24T21:43:02","slug":"forschungsschwerpunkt","status":"publish","type":"page","link":"http:\/\/www.kmu-aalen.de\/kmu-aalen\/language\/de\/forschung-2\/forschungsschwerpunkt\/","title":{"rendered":"Forschungsschwerpunkt"},"content":{"rendered":"<h5><span style=\"text-decoration: underline;\"><span style=\"font-family: Verdana,Geneva;\">Forschungsschwerpunkt<\/span><\/span><\/h5>\n<ul>\n<li>Anwendung von Business Intelligence im Marketing und Vertrieb von mittelst\u00e4ndischen Unternehmen<\/li>\n<li>Webanalytik: Leistungsmessung von Kampagnen im Online-Marketing<\/li>\n<li>BPM-Projekte zertifiziert durch die Software AG<\/li>\n<li>Qualitative Studie \u00fcber m\u00f6gliche Anwendungen von Big Data in f\u00fchrenden Unternehmen<\/li>\n<li>Business Intelligence-Anwendungen im Marketing und Vertrieb von mittelst\u00e4ndischen Unternehmen<\/li>\n<\/ul>\n<h5 style=\"padding-left: 30px; text-align: center;\"><\/h5>\n<h5><span style=\"text-decoration: underline;\"><span style=\"font-family: Verdana,Geneva;\">Andere Aktivit\u00e4ten<\/span><\/span><\/h5>\n<ul>\n<li>Zusammenarbeit mit der PEGASUS Aalen &#8211; Vereinigung zur Unterst\u00fctzung von Gesch\u00e4ftsinnovationen und dem Unternehmertum<\/li>\n<li>Kooperation mit der Corporate Planning AG Hamburg &#8211; Corporate Planning Suite (CP-Suite) Workshops im Controlling<\/li>\n<li>Forschungskooperation mit der\u00a0Porsche Consulting<\/li>\n<li>Forschungskooperation mit der University of Novi Sad (Serbien)<\/li>\n<li>Forschungskooperation mit der Central University of Technology (S\u00fcdafrika)<\/li>\n<\/ul>\n<p style=\"text-align: left;\">\n","protected":false},"excerpt":{"rendered":"<p>Forschungsschwerpunkt Anwendung von Business Intelligence im Marketing und Vertrieb von mittelst\u00e4ndischen Unternehmen Webanalytik: Leistungsmessung von Kampagnen im Online-Marketing BPM-Projekte zertifiziert durch die Software AG Qualitative Studie \u00fcber m\u00f6gliche Anwendungen von Big Data in f\u00fchrenden Unternehmen Business Intelligence-Anwendungen im Marketing und&hellip; <\/p>\n","protected":false},"author":33,"featured_media":0,"parent":2077,"menu_order":150,"comment_status":"closed","ping_status":"closed","template":"","meta":[],"_links":{"self":[{"href":"http:\/\/www.kmu-aalen.de\/kmu-aalen\/wp-json\/wp\/v2\/pages\/2107"}],"collection":[{"href":"http:\/\/www.kmu-aalen.de\/kmu-aalen\/wp-json\/wp\/v2\/pages"}],"about":[{"href":"http:\/\/www.kmu-aalen.de\/kmu-aalen\/wp-json\/wp\/v2\/types\/page"}],"author":[{"embeddable":true,"href":"http:\/\/www.kmu-aalen.de\/kmu-aalen\/wp-json\/wp\/v2\/users\/33"}],"replies":[{"embeddable":true,"href":"http:\/\/www.kmu-aalen.de\/kmu-aalen\/wp-json\/wp\/v2\/comments?post=2107"}],"version-history":[{"count":9,"href":"http:\/\/www.kmu-aalen.de\/kmu-aalen\/wp-json\/wp\/v2\/pages\/2107\/revisions"}],"predecessor-version":[{"id":2745,"href":"http:\/\/www.kmu-aalen.de\/kmu-aalen\/wp-json\/wp\/v2\/pages\/2107\/revisions\/2745"}],"up":[{"embeddable":true,"href":"http:\/\/www.kmu-aalen.de\/kmu-aalen\/wp-json\/wp\/v2\/pages\/2077"}],"wp:attachment":[{"href":"http:\/\/www.kmu-aalen.de\/kmu-aalen\/wp-json\/wp\/v2\/media?parent=2107"}],"curies":[{"name":"wp","href":"https:\/\/api.w.org\/{rel}","templated":true}]}}