{"id":2086,"date":"2017-02-21T14:23:29","date_gmt":"2017-02-21T12:23:29","guid":{"rendered":"http:\/\/www.kmu-aalen.de\/kmu-aalen\/?page_id=2086"},"modified":"2018-01-09T10:21:59","modified_gmt":"2018-01-09T08:21:59","slug":"sortierte-veroeffentlichungen","status":"publish","type":"page","link":"http:\/\/www.kmu-aalen.de\/kmu-aalen\/language\/de\/forschung-2\/veroeffentlichungen\/sortierte-veroeffentlichungen\/","title":{"rendered":"Sortierte Ver\u00f6ffentlichungen"},"content":{"rendered":"<p>Hier k\u00f6nnen Sie alle Ver\u00f6ffentlichungen, sortiert nach den Schwerpunktthemen, finden:<\/p>\n<p><a href=\"http:\/\/www.kmu-aalen.de\/kmu-aalen\/?page_id=2089&amp;lang=de\">Big Data \/ Business Intelligence<\/a><\/p>\n<p><a href=\"http:\/\/www.kmu-aalen.de\/kmu-aalen\/?page_id=2092&amp;lang=de\">Online Marketing<\/a><\/p>\n<p><a href=\"http:\/\/www.kmu-aalen.de\/kmu-aalen\/?page_id=2095&amp;lang=de\">Industrie 4.0 and Digitalisierung<\/a><\/p>\n<p><a href=\"http:\/\/www.kmu-aalen.de\/kmu-aalen\/?page_id=2098&amp;lang=de\">Business Process Management \/ Enterprise Architecture Management<\/a><\/p>\n<p>&nbsp;<\/p>\n","protected":false},"excerpt":{"rendered":"<p>Hier k\u00f6nnen Sie alle Ver\u00f6ffentlichungen, sortiert nach den Schwerpunktthemen, finden: Big Data \/ Business Intelligence Online Marketing Industrie 4.0 and Digitalisierung Business Process Management \/ Enterprise Architecture Management &nbsp;<\/p>\n","protected":false},"author":33,"featured_media":0,"parent":2080,"menu_order":20,"comment_status":"closed","ping_status":"closed","template":"","meta":[],"_links":{"self":[{"href":"http:\/\/www.kmu-aalen.de\/kmu-aalen\/wp-json\/wp\/v2\/pages\/2086"}],"collection":[{"href":"http:\/\/www.kmu-aalen.de\/kmu-aalen\/wp-json\/wp\/v2\/pages"}],"about":[{"href":"http:\/\/www.kmu-aalen.de\/kmu-aalen\/wp-json\/wp\/v2\/types\/page"}],"author":[{"embeddable":true,"href":"http:\/\/www.kmu-aalen.de\/kmu-aalen\/wp-json\/wp\/v2\/users\/33"}],"replies":[{"embeddable":true,"href":"http:\/\/www.kmu-aalen.de\/kmu-aalen\/wp-json\/wp\/v2\/comments?post=2086"}],"version-history":[{"count":9,"href":"http:\/\/www.kmu-aalen.de\/kmu-aalen\/wp-json\/wp\/v2\/pages\/2086\/revisions"}],"predecessor-version":[{"id":3355,"href":"http:\/\/www.kmu-aalen.de\/kmu-aalen\/wp-json\/wp\/v2\/pages\/2086\/revisions\/3355"}],"up":[{"embeddable":true,"href":"http:\/\/www.kmu-aalen.de\/kmu-aalen\/wp-json\/wp\/v2\/pages\/2080"}],"wp:attachment":[{"href":"http:\/\/www.kmu-aalen.de\/kmu-aalen\/wp-json\/wp\/v2\/media?parent=2086"}],"curies":[{"name":"wp","href":"https:\/\/api.w.org\/{rel}","templated":true}]}}